{"id":11102,"date":"2021-01-02T11:43:24","date_gmt":"2021-01-02T11:43:24","guid":{"rendered":"https:\/\/estudiar.vamtam.com\/?page_id=11102"},"modified":"2026-05-06T08:12:57","modified_gmt":"2026-05-06T08:12:57","slug":"contacto","status":"publish","type":"page","link":"https:\/\/vistarreal.es\/wp1\/contacto\/","title":{"rendered":"Contacto"},"content":{"rendered":"\t\t<div data-elementor-type=\"wp-page\" data-elementor-id=\"11102\" class=\"elementor elementor-11102\" data-elementor-post-type=\"page\">\n\t\t\t\t\t\t<section class=\"elementor-section elementor-top-section elementor-element elementor-element-a7db413 elementor-section-height-min-height elementor-section-boxed elementor-section-height-default elementor-section-items-middle\" data-id=\"a7db413\" data-element_type=\"section\" data-settings=\"{&quot;background_background&quot;:&quot;classic&quot;}\">\n\t\t\t\t\t\t<div class=\"elementor-container elementor-column-gap-default\">\n\t\t\t\t\t<div class=\"elementor-column elementor-col-100 elementor-top-column elementor-element elementor-element-d71ae72 elementor-hidden-desktop\" data-id=\"d71ae72\" data-element_type=\"column\" data-settings=\"{&quot;background_background&quot;:&quot;classic&quot;}\">\n\t\t\t<div class=\"elementor-widget-wrap elementor-element-populated\">\n\t\t\t\t\t\t<div class=\"elementor-element elementor-element-f79929a elementor-widget elementor-widget-heading\" data-id=\"f79929a\" data-element_type=\"widget\" data-widget_type=\"heading.default\">\n\t\t\t\t<div class=\"elementor-widget-container\">\n\t\t\t\t\t<h2 class=\"elementor-heading-title elementor-size-default\">contacto<\/h2>\t\t\t\t<\/div>\n\t\t\t\t<\/div>\n\t\t\t\t\t<\/div>\n\t\t<\/div>\n\t\t\t\t\t<\/div>\n\t\t<\/section>\n\t\t\t\t<section class=\"elementor-section elementor-top-section elementor-element elementor-element-61c7082 elementor-hidden-tablet elementor-hidden-mobile elementor-section-boxed elementor-section-height-default elementor-section-height-default\" data-id=\"61c7082\" data-element_type=\"section\">\n\t\t\t\t\t\t<div class=\"elementor-container elementor-column-gap-no\">\n\t\t\t\t\t<div class=\"elementor-column elementor-col-100 elementor-top-column elementor-element elementor-element-7f14322\" data-id=\"7f14322\" data-element_type=\"column\">\n\t\t\t<div class=\"elementor-widget-wrap elementor-element-populated\">\n\t\t\t\t\t\t<div class=\"elementor-element elementor-element-f02d33b elementor-widget__width-auto animated-fast elementor-invisible elementor-widget elementor-widget-heading\" data-id=\"f02d33b\" data-element_type=\"widget\" data-settings=\"{&quot;_animation&quot;:&quot;fadeIn&quot;,&quot;_animation_delay&quot;:200,&quot;_animation_tablet&quot;:&quot;none&quot;,&quot;_animation_mobile&quot;:&quot;none&quot;}\" data-widget_type=\"heading.default\">\n\t\t\t\t<div class=\"elementor-widget-container\">\n\t\t\t\t\t<h1 class=\"elementor-heading-title elementor-size-default\">Contacto<\/h1>\t\t\t\t<\/div>\n\t\t\t\t<\/div>\n\t\t\t\t\t<\/div>\n\t\t<\/div>\n\t\t\t\t\t<\/div>\n\t\t<\/section>\n\t\t\t\t<section class=\"elementor-section elementor-top-section elementor-element elementor-element-bf87cfc elementor-section-boxed elementor-section-height-default elementor-section-height-default\" data-id=\"bf87cfc\" data-element_type=\"section\">\n\t\t\t\t\t\t<div class=\"elementor-container elementor-column-gap-no\">\n\t\t\t\t\t<div class=\"elementor-column elementor-col-100 elementor-top-column elementor-element elementor-element-1703df8\" data-id=\"1703df8\" data-element_type=\"column\" data-settings=\"{&quot;animation&quot;:&quot;none&quot;,&quot;animation_tablet&quot;:&quot;none&quot;,&quot;animation_mobile&quot;:&quot;none&quot;,&quot;animation_delay&quot;:200}\">\n\t\t\t<div class=\"elementor-widget-wrap elementor-element-populated\">\n\t\t\t\t\t\t<div class=\"elementor-element elementor-element-6b0c645 elementor-button-align-start elementor-widget elementor-widget-form\" data-id=\"6b0c645\" data-element_type=\"widget\" data-settings=\"{&quot;step_next_label&quot;:&quot;Siguiente&quot;,&quot;step_previous_label&quot;:&quot;Anterior&quot;,&quot;button_width&quot;:&quot;100&quot;,&quot;step_type&quot;:&quot;number_text&quot;,&quot;step_icon_shape&quot;:&quot;circle&quot;}\" data-widget_type=\"form.default\">\n\t\t\t\t<div class=\"elementor-widget-container\">\n\t\t\t\t\t\t\t<form class=\"elementor-form\" method=\"post\" name=\"Nuevo formulario\">\n\t\t\t<input type=\"hidden\" name=\"post_id\" value=\"11102\"\/>\n\t\t\t<input type=\"hidden\" name=\"form_id\" value=\"6b0c645\"\/>\n\t\t\t<input type=\"hidden\" name=\"referer_title\" value=\"Colegio Vistarreal | Educaci\u00f3n Integral, Innovadora y Biling\u00fce\" \/>\n\n\t\t\t\n\t\t\t<div class=\"elementor-form-fields-wrapper elementor-labels-above\">\n\t\t\t\t\t\t\t\t<div class=\"elementor-field-type-text elementor-field-group elementor-column elementor-field-group-name elementor-col-100\">\n\t\t\t\t\t\t\t\t\t\t\t\t<label for=\"form-field-name\" class=\"elementor-field-label\">\n\t\t\t\t\t\t\t\tNombre y apellidos\t\t\t\t\t\t\t<\/label>\n\t\t\t\t\t\t\t\t\t\t\t\t\t\t<input size=\"1\" type=\"text\" name=\"form_fields[name]\" id=\"form-field-name\" class=\"elementor-field elementor-size-sm  elementor-field-textual\" placeholder=\"Introduce aqu\u00ed tu nombre y apellidos\">\n\t\t\t\t\t\t\t\t\t\t\t<\/div>\n\t\t\t\t\t\t\t\t<div class=\"elementor-field-type-text elementor-field-group elementor-column elementor-field-group-email elementor-col-100 elementor-field-required\">\n\t\t\t\t\t\t\t\t\t\t\t\t<label for=\"form-field-email\" class=\"elementor-field-label\">\n\t\t\t\t\t\t\t\tN\u00ba de tel\u00e9fono\t\t\t\t\t\t\t<\/label>\n\t\t\t\t\t\t\t\t\t\t\t\t\t\t<input size=\"1\" type=\"text\" name=\"form_fields[email]\" id=\"form-field-email\" class=\"elementor-field elementor-size-sm  elementor-field-textual\" placeholder=\"Introduce aqu\u00ed tu n\u00famero de tel\u00e9fono\" required=\"required\">\n\t\t\t\t\t\t\t\t\t\t\t<\/div>\n\t\t\t\t\t\t\t\t<div class=\"elementor-field-type-email elementor-field-group elementor-column elementor-field-group-field_a8f2eeb elementor-col-100 elementor-field-required\">\n\t\t\t\t\t\t\t\t\t\t\t\t<label for=\"form-field-field_a8f2eeb\" class=\"elementor-field-label\">\n\t\t\t\t\t\t\t\tCorreo electr\u00f3nico\t\t\t\t\t\t\t<\/label>\n\t\t\t\t\t\t\t\t\t\t\t\t\t\t<input size=\"1\" type=\"email\" name=\"form_fields[field_a8f2eeb]\" id=\"form-field-field_a8f2eeb\" class=\"elementor-field elementor-size-sm  elementor-field-textual\" placeholder=\"Introduce aqu\u00ed tu e-mail\" required=\"required\">\n\t\t\t\t\t\t\t\t\t\t\t<\/div>\n\t\t\t\t\t\t\t\t<div class=\"elementor-field-type-textarea elementor-field-group elementor-column elementor-field-group-message elementor-col-100\">\n\t\t\t\t\t\t\t\t\t\t\t\t<label for=\"form-field-message\" class=\"elementor-field-label\">\n\t\t\t\t\t\t\t\tCurso de inter\u00e9s\t\t\t\t\t\t\t<\/label>\n\t\t\t\t\t\t<textarea class=\"elementor-field-textual elementor-field  elementor-size-sm\" name=\"form_fields[message]\" id=\"form-field-message\" rows=\"4\" placeholder=\"Escribe aqu\u00ed tu mensaje\"><\/textarea>\t\t\t\t<\/div>\n\t\t\t\t\t\t\t\t<div class=\"elementor-field-type-text\">\n\t\t\t\t\t<input size=\"1\" type=\"text\" name=\"form_fields[field_16ecca3]\" id=\"form-field-field_16ecca3\" class=\"elementor-field elementor-size-sm \" style=\"display:none !important;\">\t\t\t\t<\/div>\n\t\t\t\t\t\t\t\t<div class=\"elementor-field-type-recaptcha_v3 elementor-field-group elementor-column elementor-field-group-field_8be94f0 elementor-col-100 recaptcha_v3-bottomright\">\n\t\t\t\t\t<div class=\"elementor-field\" id=\"form-field-field_8be94f0\"><div class=\"elementor-g-recaptcha\" data-sitekey=\"6LdFcfkrAAAAAJ5lro-DQizo82q3jpd54ybbUZbA\" data-type=\"v3\" data-action=\"Form\" data-badge=\"bottomright\" data-size=\"invisible\"><\/div><\/div>\t\t\t\t<\/div>\n\t\t\t\t\t\t\t\t<div class=\"elementor-field-group elementor-column elementor-field-type-submit elementor-col-100 e-form__buttons\">\n\t\t\t\t\t<button class=\"elementor-button elementor-size-sm\" type=\"submit\">\n\t\t\t\t\t\t<span class=\"elementor-button-content-wrapper\">\n\t\t\t\t\t\t\t\t\t\t\t\t\t\t\t\t\t\t\t\t\t\t<span class=\"elementor-button-text\">Enviar<\/span>\n\t\t\t\t\t\t\t\t\t\t\t\t\t<\/span>\n\t\t\t\t\t<\/button>\n\t\t\t\t<\/div>\n\t\t\t<\/div>\n\t\t<\/form>\n\t\t\t\t\t\t<\/div>\n\t\t\t\t<\/div>\n\t\t\t\t\t<\/div>\n\t\t<\/div>\n\t\t\t\t\t<\/div>\n\t\t<\/section>\n\t\t<div class=\"elementor-element elementor-element-887cf38 e-flex e-con-boxed e-con e-parent\" data-id=\"887cf38\" data-element_type=\"container\">\n\t\t\t\t\t<div class=\"e-con-inner\">\n\t\t<div class=\"elementor-element elementor-element-224f897 e-con-full e-flex e-con e-child\" data-id=\"224f897\" data-element_type=\"container\">\n\t\t<div class=\"elementor-element elementor-element-4cccabd e-con-full e-flex e-con e-child\" data-id=\"4cccabd\" data-element_type=\"container\">\n\t\t\t\t<div class=\"elementor-element elementor-element-5d87203 elementor-widget elementor-widget-text-editor\" data-id=\"5d87203\" data-element_type=\"widget\" data-widget_type=\"text-editor.default\">\n\t\t\t\t<div class=\"elementor-widget-container\">\n\t\t\t\t\t\t\t\t\t<p><strong>Direcci\u00f3n<\/strong>: Calle Sierra Espu\u00f1a, s\/n<\/p><p>30506 Altorreal \u2013 Molina de Segura (Murcia)<\/p>\t\t\t\t\t\t\t\t<\/div>\n\t\t\t\t<\/div>\n\t\t\t\t<div class=\"elementor-element elementor-element-0433d20 elementor-widget elementor-widget-text-editor\" data-id=\"0433d20\" data-element_type=\"widget\" data-widget_type=\"text-editor.default\">\n\t\t\t\t<div class=\"elementor-widget-container\">\n\t\t\t\t\t\t\t\t\t<p><strong>Tel\u00e9fono<\/strong>: <a href=\"tel:968 618 683\">968 618 683<\/a><\/p>\t\t\t\t\t\t\t\t<\/div>\n\t\t\t\t<\/div>\n\t\t\t\t<div class=\"elementor-element elementor-element-d69ae30 elementor-widget elementor-widget-text-editor\" data-id=\"d69ae30\" data-element_type=\"widget\" data-widget_type=\"text-editor.default\">\n\t\t\t\t<div class=\"elementor-widget-container\">\n\t\t\t\t\t\t\t\t\t<p><strong>E-mail<\/strong>: <a href=\"mailto:vistarreal@gmail.com\">vistarreal@gmail.com<\/a><\/p>\t\t\t\t\t\t\t\t<\/div>\n\t\t\t\t<\/div>\n\t\t\t\t<div class=\"elementor-element elementor-element-49a245f elementor-widget elementor-widget-text-editor\" data-id=\"49a245f\" data-element_type=\"widget\" data-widget_type=\"text-editor.default\">\n\t\t\t\t<div class=\"elementor-widget-container\">\n\t\t\t\t\t\t\t\t\t<p>Si quieres enviarnos tu curriculum ponte en contacto con nosotros directamente a trav\u00e9s del e-mail (vistarreal@gmail.com)<\/p>\t\t\t\t\t\t\t\t<\/div>\n\t\t\t\t<\/div>\n\t\t\t\t<div class=\"elementor-element elementor-element-8b9176e elementor-widget elementor-widget-text-editor\" data-id=\"8b9176e\" data-element_type=\"widget\" data-widget_type=\"text-editor.default\">\n\t\t\t\t<div class=\"elementor-widget-container\">\n\t\t\t\t\t\t\t\t\tA la derecha tienes nuestra ubicaci\u00f3n en el mapa para llegar con facilidad.\t\t\t\t\t\t\t\t<\/div>\n\t\t\t\t<\/div>\n\t\t\t\t<\/div>\n\t\t<div class=\"elementor-element elementor-element-84cb11d e-con-full e-flex e-con e-child\" data-id=\"84cb11d\" data-element_type=\"container\">\n\t\t\t\t<div class=\"elementor-element elementor-element-2675ec7 elementor-widget elementor-widget-html\" data-id=\"2675ec7\" data-element_type=\"widget\" data-widget_type=\"html.default\">\n\t\t\t\t<div class=\"elementor-widget-container\">\n\t\t\t\t\t<iframe src=\"https:\/\/www.google.com\/maps\/embed?pb=!1m18!1m12!1m3!1d3140.7756987517155!2d-1.158450823552354!3d38.07560449477324!2m3!1f0!2f0!3f0!3m2!1i1024!2i768!4f13.1!3m3!1m2!1s0xd63874401116aeb%3A0xc642132c66439c9e!2sColegio%20Vistarreal!5e0!3m2!1ses!2ses!4v1737962652934!5m2!1ses!2ses\" width=\"600\" height=\"450\" style=\"border:0;\" allowfullscreen=\"\" loading=\"lazy\" referrerpolicy=\"no-referrer-when-downgrade\"><\/iframe>\t\t\t\t<\/div>\n\t\t\t\t<\/div>\n\t\t\t\t<\/div>\n\t\t\t\t<\/div>\n\t\t\t\t\t<\/div>\n\t\t\t\t<\/div>\n\t\t\t\t<\/div>\n\t\t","protected":false},"excerpt":{"rendered":"<p>contacto Contacto Direcci\u00f3n: Calle Sierra Espu\u00f1a, s\/n 30506 Altorreal \u2013 Molina de Segura (Murcia) Tel\u00e9fono: 968 618 683 E-mail: vistarreal@gmail.com Si quieres enviarnos tu curriculum ponte en contacto con nosotros directamente a trav\u00e9s del e-mail (vistarreal@gmail.com) A la derecha tienes nuestra ubicaci\u00f3n en el mapa para llegar con facilidad.<\/p>\n","protected":false},"author":1,"featured_media":0,"parent":0,"menu_order":0,"comment_status":"closed","ping_status":"closed","template":"","meta":{"footnotes":""},"class_list":["post-11102","page","type-page","status-publish","hentry"],"yoast_head":"<!-- This site is optimized with the Yoast SEO plugin v24.5 - https:\/\/yoast.com\/wordpress\/plugins\/seo\/ -->\n<title>Contacto | Colegio Vistarreal<\/title>\n<meta name=\"description\" content=\"Ponte en contacto con el Colegio Vistarreal para m\u00e1s informaci\u00f3n. Direcci\u00f3n, tel\u00e9fono y formulario de consulta al alcance de tu mano.\" \/>\n<meta name=\"robots\" content=\"index, follow, max-snippet:-1, max-image-preview:large, max-video-preview:-1\" \/>\n<link rel=\"canonical\" href=\"https:\/\/vistarreal.es\/wp1\/contacto\/\" \/>\n<meta property=\"og:locale\" content=\"es_ES\" \/>\n<meta property=\"og:type\" content=\"article\" \/>\n<meta property=\"og:title\" content=\"Contacto | Colegio Vistarreal\" \/>\n<meta property=\"og:description\" content=\"Ponte en contacto con el Colegio Vistarreal para m\u00e1s informaci\u00f3n. Direcci\u00f3n, tel\u00e9fono y formulario de consulta al alcance de tu mano.\" \/>\n<meta property=\"og:url\" content=\"https:\/\/vistarreal.es\/wp1\/contacto\/\" \/>\n<meta property=\"og:site_name\" content=\"Colegio Vistarreal | Educaci\u00f3n Integral, Innovadora y Biling\u00fce\" \/>\n<meta property=\"article:modified_time\" content=\"2026-05-06T08:12:57+00:00\" \/>\n<meta name=\"twitter:card\" content=\"summary_large_image\" \/>\n<meta name=\"twitter:label1\" content=\"Tiempo de lectura\" \/>\n\t<meta name=\"twitter:data1\" content=\"1 minuto\" \/>\n<script type=\"application\/ld+json\" class=\"yoast-schema-graph\">{\"@context\":\"https:\/\/schema.org\",\"@graph\":[{\"@type\":\"WebPage\",\"@id\":\"https:\/\/vistarreal.es\/wp1\/contacto\/\",\"url\":\"https:\/\/vistarreal.es\/wp1\/contacto\/\",\"name\":\"Contacto | Colegio Vistarreal\",\"isPartOf\":{\"@id\":\"https:\/\/vistarreal.es\/wp1\/#website\"},\"datePublished\":\"2021-01-02T11:43:24+00:00\",\"dateModified\":\"2026-05-06T08:12:57+00:00\",\"description\":\"Ponte en contacto con el Colegio Vistarreal para m\u00e1s informaci\u00f3n. Direcci\u00f3n, tel\u00e9fono y formulario de consulta al alcance de tu mano.\",\"breadcrumb\":{\"@id\":\"https:\/\/vistarreal.es\/wp1\/contacto\/#breadcrumb\"},\"inLanguage\":\"es\",\"potentialAction\":[{\"@type\":\"ReadAction\",\"target\":[\"https:\/\/vistarreal.es\/wp1\/contacto\/\"]}]},{\"@type\":\"BreadcrumbList\",\"@id\":\"https:\/\/vistarreal.es\/wp1\/contacto\/#breadcrumb\",\"itemListElement\":[{\"@type\":\"ListItem\",\"position\":1,\"name\":\"Portada\",\"item\":\"https:\/\/vistarreal.es\/wp1\/\"},{\"@type\":\"ListItem\",\"position\":2,\"name\":\"Contacto\"}]},{\"@type\":\"WebSite\",\"@id\":\"https:\/\/vistarreal.es\/wp1\/#website\",\"url\":\"https:\/\/vistarreal.es\/wp1\/\",\"name\":\"Colegio Vistarreal\",\"description\":\"Descubre el Colegio Vistarreal, un centro educativo que ofrece formaci\u00f3n integral desde Infantil hasta Bachillerato. Metodolog\u00edas activas, proyecto biling\u00fce, atenci\u00f3n a la diversidad y programas internacionales para el \u00e9xito acad\u00e9mico y personal de nuestros alumnos.\",\"publisher\":{\"@id\":\"https:\/\/vistarreal.es\/wp1\/#organization\"},\"potentialAction\":[{\"@type\":\"SearchAction\",\"target\":{\"@type\":\"EntryPoint\",\"urlTemplate\":\"https:\/\/vistarreal.es\/wp1\/?s={search_term_string}\"},\"query-input\":{\"@type\":\"PropertyValueSpecification\",\"valueRequired\":true,\"valueName\":\"search_term_string\"}}],\"inLanguage\":\"es\"},{\"@type\":\"Organization\",\"@id\":\"https:\/\/vistarreal.es\/wp1\/#organization\",\"name\":\"Colegio Vistarreal\",\"url\":\"https:\/\/vistarreal.es\/wp1\/\",\"logo\":{\"@type\":\"ImageObject\",\"inLanguage\":\"es\",\"@id\":\"https:\/\/vistarreal.es\/wp1\/#\/schema\/logo\/image\/\",\"url\":\"https:\/\/vistarreal.es\/wp1\/wp-content\/uploads\/2020\/02\/Titulo__5_-removebg-preview.png\",\"contentUrl\":\"https:\/\/vistarreal.es\/wp1\/wp-content\/uploads\/2020\/02\/Titulo__5_-removebg-preview.png\",\"width\":302,\"height\":109,\"caption\":\"Colegio Vistarreal\"},\"image\":{\"@id\":\"https:\/\/vistarreal.es\/wp1\/#\/schema\/logo\/image\/\"}}]}<\/script>\n<!-- \/ Yoast SEO plugin. -->","yoast_head_json":{"title":"Contacto | Colegio Vistarreal","description":"Ponte en contacto con el Colegio Vistarreal para m\u00e1s informaci\u00f3n. Direcci\u00f3n, tel\u00e9fono y formulario de consulta al alcance de tu mano.","robots":{"index":"index","follow":"follow","max-snippet":"max-snippet:-1","max-image-preview":"max-image-preview:large","max-video-preview":"max-video-preview:-1"},"canonical":"https:\/\/vistarreal.es\/wp1\/contacto\/","og_locale":"es_ES","og_type":"article","og_title":"Contacto | Colegio Vistarreal","og_description":"Ponte en contacto con el Colegio Vistarreal para m\u00e1s informaci\u00f3n. Direcci\u00f3n, tel\u00e9fono y formulario de consulta al alcance de tu mano.","og_url":"https:\/\/vistarreal.es\/wp1\/contacto\/","og_site_name":"Colegio Vistarreal | Educaci\u00f3n Integral, Innovadora y Biling\u00fce","article_modified_time":"2026-05-06T08:12:57+00:00","twitter_card":"summary_large_image","twitter_misc":{"Tiempo de lectura":"1 minuto"},"schema":{"@context":"https:\/\/schema.org","@graph":[{"@type":"WebPage","@id":"https:\/\/vistarreal.es\/wp1\/contacto\/","url":"https:\/\/vistarreal.es\/wp1\/contacto\/","name":"Contacto | Colegio Vistarreal","isPartOf":{"@id":"https:\/\/vistarreal.es\/wp1\/#website"},"datePublished":"2021-01-02T11:43:24+00:00","dateModified":"2026-05-06T08:12:57+00:00","description":"Ponte en contacto con el Colegio Vistarreal para m\u00e1s informaci\u00f3n. Direcci\u00f3n, tel\u00e9fono y formulario de consulta al alcance de tu mano.","breadcrumb":{"@id":"https:\/\/vistarreal.es\/wp1\/contacto\/#breadcrumb"},"inLanguage":"es","potentialAction":[{"@type":"ReadAction","target":["https:\/\/vistarreal.es\/wp1\/contacto\/"]}]},{"@type":"BreadcrumbList","@id":"https:\/\/vistarreal.es\/wp1\/contacto\/#breadcrumb","itemListElement":[{"@type":"ListItem","position":1,"name":"Portada","item":"https:\/\/vistarreal.es\/wp1\/"},{"@type":"ListItem","position":2,"name":"Contacto"}]},{"@type":"WebSite","@id":"https:\/\/vistarreal.es\/wp1\/#website","url":"https:\/\/vistarreal.es\/wp1\/","name":"Colegio Vistarreal","description":"Descubre el Colegio Vistarreal, un centro educativo que ofrece formaci\u00f3n integral desde Infantil hasta Bachillerato. Metodolog\u00edas activas, proyecto biling\u00fce, atenci\u00f3n a la diversidad y programas internacionales para el \u00e9xito acad\u00e9mico y personal de nuestros alumnos.","publisher":{"@id":"https:\/\/vistarreal.es\/wp1\/#organization"},"potentialAction":[{"@type":"SearchAction","target":{"@type":"EntryPoint","urlTemplate":"https:\/\/vistarreal.es\/wp1\/?s={search_term_string}"},"query-input":{"@type":"PropertyValueSpecification","valueRequired":true,"valueName":"search_term_string"}}],"inLanguage":"es"},{"@type":"Organization","@id":"https:\/\/vistarreal.es\/wp1\/#organization","name":"Colegio Vistarreal","url":"https:\/\/vistarreal.es\/wp1\/","logo":{"@type":"ImageObject","inLanguage":"es","@id":"https:\/\/vistarreal.es\/wp1\/#\/schema\/logo\/image\/","url":"https:\/\/vistarreal.es\/wp1\/wp-content\/uploads\/2020\/02\/Titulo__5_-removebg-preview.png","contentUrl":"https:\/\/vistarreal.es\/wp1\/wp-content\/uploads\/2020\/02\/Titulo__5_-removebg-preview.png","width":302,"height":109,"caption":"Colegio Vistarreal"},"image":{"@id":"https:\/\/vistarreal.es\/wp1\/#\/schema\/logo\/image\/"}}]}},"_links":{"self":[{"href":"https:\/\/vistarreal.es\/wp1\/wp-json\/wp\/v2\/pages\/11102","targetHints":{"allow":["GET"]}}],"collection":[{"href":"https:\/\/vistarreal.es\/wp1\/wp-json\/wp\/v2\/pages"}],"about":[{"href":"https:\/\/vistarreal.es\/wp1\/wp-json\/wp\/v2\/types\/page"}],"author":[{"embeddable":true,"href":"https:\/\/vistarreal.es\/wp1\/wp-json\/wp\/v2\/users\/1"}],"replies":[{"embeddable":true,"href":"https:\/\/vistarreal.es\/wp1\/wp-json\/wp\/v2\/comments?post=11102"}],"version-history":[{"count":79,"href":"https:\/\/vistarreal.es\/wp1\/wp-json\/wp\/v2\/pages\/11102\/revisions"}],"predecessor-version":[{"id":990370,"href":"https:\/\/vistarreal.es\/wp1\/wp-json\/wp\/v2\/pages\/11102\/revisions\/990370"}],"wp:attachment":[{"href":"https:\/\/vistarreal.es\/wp1\/wp-json\/wp\/v2\/media?parent=11102"}],"curies":[{"name":"wp","href":"https:\/\/api.w.org\/{rel}","templated":true}]}}